er when 62016416 is divided by 876.
872
What is the remainder when 36073919 is divided by 38?
25
Calculate the remainder when 206265994 is divided by 172.
154
Calculate the remainder when 424869 is divided by 515.
509
What is the remainder when 2408030 is divided by 96?
62
Calculate the remainder when 842759 is divided by 4656.
23
Calculate the remainder when 7118214 is divided by 3559105.
4
What is the remainder when 6437631 is divided by 21?
18
What is the remainder when 122358064 is divided by 1742?
1726
Calculate the remainder when 8254987 is divided by 203.
195
Calculate the remainder when 29463459 is divided by 46.
45
Calculate the remainder when 165694 is divided by 5175.
94
What is the remainder when 471331 is divided by 1939?
154
What is the remainder when 468505 is divided by 66849?
562
Calculate the remainder when 74365 is divided by 974.
341
Calculate the remainder when 1239514 is divided by 856.
26
Calculate the remainder when 79536 is divided by 9706.
1888
Calculate the remainder when 15501891 is divided by 126.
111
Calculate the remainder when 190116 is divided by 1543.
327
What is the remainder when 155522 is divided by 25914?
38
Calculate the remainder when 33161965 is divided by 2137.
2136
What is the remainder when 974995 is divided by 2818?
2785
What is the remainder when 307514 is divided by 27792?
1802
What is the remainder when 3172947 is divided by 9793?
15
What is the remainder when 100499 is divided by 3387?
2276
Calculate the remainder when 18192 is divided by 1277.
314
What is the remainder when 337346 is divided by 18?
8
What is the remainder when 79533196 is divided by 125?
71
Calculate the remainder when 10787690 is divided by 49.
46
What is the remainder when 7009 is divided by 5692?
1317
What is the remainder when 28251 is divided by 14040?
171
Calculate the remainder when 844905987 is divided by 2235.
2232
Calculate the remainder when 5312288 is divided by 212.
204
Calculate the remainder when 252407041 is divided by 148.
145
Calculate the remainder when 715536 is divided by 11924.
96
What is the remainder when 2629876 is divided by 771?
766
What is the remainder when 1970125 is divided by 7324?
7293
Calculate the remainder when 26204 is divided by 1864.
108
Calculate the remainder when 964679 is divided by 8388.
59
Calculate the remainder when 21464779 is divided by 174510.
49
Calculate the remainder when 528526 is divided by 284.
2
Calculate the remainder when 41326 is divided by 13272.
1510
Calculate the remainder when 216832 is divided by 2677.
2672
What is the remainder when 58819104 is divided by 735?
729
What is the remainder when 382483 is divided by 98?
87
What is the remainder when 65468 is divided by 1587?
401
Calculate the remainder when 270309015 is divided by 291.
279
Calculate the remainder when 49046287 is divided by 185.
12
Calculate the remainder when 4841 is divided by 1246.
1103
Calculate the remainder when 2771577 is divided by 2037.
1257
Calculate the remainder when 1183158 is divided by 2047.
2039
What is the remainder when 36699724 is divided by 181?
164
What is the remainder when 530205 is divided by 66269?
53
Calculate the remainder when 20244938 is divided by 1599.
1598
What is the remainder when 17510121 is divided by 972784?
9
What is the remainder when 186074 is divided by 306?
26
Calculate the remainder when 16779334 is divided by 27151.
16
What is the remainder when 4933155 is divided by 2715?
0
Calculate the remainder when 203842 is divided by 67866.
244
What is the remainder when 4603776 is divided by 305?
106
What is the remainder when 1481420 is divided by 3020?
1620
What is the remainder when 758084 is divided by 26140?
24
Calculate the remainder when 16735285 is divided by 1607.
1594
What is the remainder when 11502302 is divided by 92?
2
Calculate the remainder when 4128878 is divided by 56.
54
Calculate the remainder when 20670816 is divided by 403.
140
What is the remainder when 699218 is divided by 53447?
4407
What is the remainder when 2305636 is divided by 811?
774
Calculate the remainder when 2122285 is divided by 55.
0
What is the remainder when 5844935 is divided by 24?
23
Calculate the remainder when 88616 is divided by 17705.
91
What is the remainder when 26938 is divided by 285?
148
Calculate the remainder when 15322955 is divided by 1452.
1451
Calculate the remainder when 1453626 is divided by 2005.
1
What is the remainder when 2418178 is divided by 20?
18
What is the remainder when 315192 is divided by 446?
316
Calculate the remainder when 13241775 is divided by 3310437.
27
Calculate the remainder when 68207 is divided by 68201.
6
What is the remainder when 28762593 is divided by 56?
41
What is the remainder when 6041085 is divided by 3456?
3453
Calculate the remainder when 4204934 is divided by 1401631.
41
Calculate the remainder when 72843 is divided by 14097.
2358
What is the remainder when 1818505 is divided by 66?
7
Calculate the remainder when 5249900 is divided by 38602.
28
What is the remainder when 29994809 is divided by 200?
9
What is the remainder when 100239 is divided by 2948?
7
Calculate the remainder when 764139 is divided by 254690.
69
What is the remainder when 80156140 is divided by 1023?
1021
Calculate the remainder when 18827246 is divided by 5188.
5182
What is the remainder when 149996599 is divided by 650?
649
What is the remainder when 754098 is divided by 188509?
62
Calculate the remainder when 1311864 is divided by 4417.
15
Calculate the remainder when 253349 is divided by 50627.
214
What is the remainder when 153231 is divided by 489?
174
What is the remainder when 3250402 is divided by 45?
7
What is the remainder when 33292218 is divided by 289?
285
What is the remainder when 1640284 is divided by 41?
38
Calculate the remainder when 366784 is divided by 91695.
4
Calculate the remainder when 12412538 is divided by 107.
3
Calculate the remainder when 731094 is divided by 638.
584
What is the remainder when 29509 is divided by 155?
59
Calculate the remainder when 2723833 is divided by 970.
73
Calculate the remainder when 6042700 is divided by 251779.
4
Calculate the remainder when 10523082 is divided by 300.
282
Calculate the remainder when 821768 is divided by 205423.
76
Calculate the remainder when 6494886 is divided by 1623720.
6
Calculate the remainder when 16283 is divided by 190.
133
What is the remainder when 208010 is divided by 76?
74
What is the remainder when 7729684 is divided by 55609?
33
What is the remainder when 40202990 is divided by 755?
750
Calculate the remainder when 25627027 is divided by 1430.
1427
Calculate the remainder when 1784119 is divided by 74253.
2047
What is the remainder when 71300 is divided by 4191?
53
Calculate the remainder when 518477 is divided by 258578.
1321
What is the remainder when 67567 is divided by 22431?
274
What is the remainder when 3826237 is divided by 2199?
2176
What is the remainder when 11007733 is divided by 27?
22
What is the remainder when 12883166 is divided by 4294383?
17
What is the remainder when 949593 is divided by 189?
57
Calculate the remainder when 109116 is divided by 670.
576
Calculate the remainder when 117062108 is divided by 6737.
6733
Calculate the remainder when 153218 is divided by 708.
290
What is the remainder when 440197 is divided by 73364?
13
Calculate the remainder when 13349186 is divided by 141.
11
Calculate the remainder when 1720998 is divided by 6592.
486
What is the remainder when 48619419 is divided by 224?
219
Calculate the remainder when 37539521 is divided by 5786.
5739
Calculate the remainder when 227816013 is divided by 5464.
5461
Calculate the remainder when 112440 is divided by 35956.
4572
Calculate the remainder when 84464458 is divided by 368.
362
Calculate the remainder when 32672 is divided by 4586.
570
What is the remainder when 10597785 is divided by 34297?
12
Calculate the remainder when 21894 is divided by 10364.
1166
Calculate the remainder when 207902209 is divided by 69300729.
22
Calculate the remainder when 5762457 is divided by 1102.
99
Calculate the remainder when 648304 is divided by 876.
64
What is the remainder when 6878683 is divided by 1146443?
25
What is the remainder when 3949418 is divided by 3949409?
9
Calculate t